67
What are the prime factors of 11151951?
3, 3717317
What are the prime factors of 5225878?
2, 7, 283, 1319
List the prime factors of 5141810.
2, 5, 41, 12541
What are the prime factors of 19786352?
2, 29, 42643
List the prime factors of 123971.
151, 821
List the prime factors of 7367.
53, 139
List the prime factors of 118805.
5, 23761
List the prime factors of 3619491.
3, 1206497
What are the prime factors of 6719060?
2, 5, 335953
What are the prime factors of 18067277?
17, 1062781
List the prime factors of 27737770.
2, 5, 23, 83, 1453
List the prime factors of 332050.
2, 5, 29, 229
List the prime factors of 517690.
2, 5, 51769
List the prime factors of 11943559.
293, 40763
What are the prime factors of 2740356?
2, 3, 163, 467
List the prime factors of 555405.
3, 5, 61, 607
List the prime factors of 65201.
113, 577
What are the prime factors of 7154676?
2, 3, 31, 2137
List the prime factors of 2424988.
2, 606247
What are the prime factors of 6293418?
2, 3, 41, 25583
What are the prime factors of 17703756?
2, 3, 7, 163, 431
What are the prime factors of 69580?
2, 5, 7, 71
List the prime factors of 429577.
29, 14813
What are the prime factors of 151387?
47, 3221
What are the prime factors of 8178745?
5, 1103, 1483
List the prime factors of 9743017.
9743017
List the prime factors of 39492868.
2, 19, 519643
List the prime factors of 1662482.
2, 293, 2837
List the prime factors of 4657544.
2, 577, 1009
List the prime factors of 353054.
2, 13, 37, 367
What are the prime factors of 10325336?
2, 7, 47, 3923
List the prime factors of 1899270.
2, 3, 5, 47, 449
What are the prime factors of 649045?
5, 271, 479
List the prime factors of 16405539.
3, 5468513
List the prime factors of 2290199.
109, 21011
What are the prime factors of 1814207?
811, 2237
List the prime factors of 148767.
3, 17, 2917
What are the prime factors of 701732?
2, 175433
List the prime factors of 250394.
2, 125197
What are the prime factors of 1706311?
1706311
What are the prime factors of 232268?
2, 58067
List the prime factors of 8643096.
2, 3, 7, 11, 1559
What are the prime factors of 3428003?
29, 43, 2749
List the prime factors of 181677.
3, 23, 2633
List the prime factors of 3317150.
2, 5, 66343
What are the prime factors of 14086553?
13, 1031, 1051
List the prime factors of 1210697.
23, 52639
List the prime factors of 2260346.
2, 11, 127, 809
What are the prime factors of 136582?
2, 47, 1453
List the prime factors of 3766036.
2, 941509
List the prime factors of 4702904.
2, 587863
What are the prime factors of 236771?
236771
List the prime factors of 949545.
3, 5, 21101
List the prime factors of 32843227.
32843227
What are the prime factors of 429912?
2, 3, 7, 853
What are the prime factors of 1651742?
2, 31, 26641
What are the prime factors of 7641361?
7, 13, 131, 641
What are the prime factors of 6727126?
2, 7, 480509
List the prime factors of 1979544.
2, 3, 7, 11783
List the prime factors of 42452326.
2, 7, 433187
List the prime factors of 684294.
2, 3, 13, 31, 283
List the prime factors of 1745903.
41, 97, 439
List the prime factors of 165602.
2, 31, 2671
What are the prime factors of 31452266?
2, 1999, 7867
What are the prime factors of 370063?
19, 19477
What are the prime factors of 1718016?
2, 3, 2237
What are the prime factors of 366493?
379, 967
What are the prime factors of 95422?
2, 47711
List the prime factors of 292176.
2, 3, 2029
What are the prime factors of 110689?
71, 1559
List the prime factors of 120261.
3, 40087
What are the prime factors of 857762?
2, 23, 29, 643
List the prime factors of 497868.
2, 3, 7, 5927
What are the prime factors of 1296080?
2, 5, 17, 953
List the prime factors of 17825438.
2, 2027, 4397
List the prime factors of 281577.
3, 47, 1997
List the prime factors of 8478698.
2, 37, 114577
List the prime factors of 1191412.
2, 297853
What are the prime factors of 515243?
29, 109, 163
What are the prime factors of 503463?
3, 257, 653
List the prime factors of 7604090.
2, 5, 13, 29, 2017
What are the prime factors of 287463?
3, 11, 31, 281
List the prime factors of 180537.
3, 7, 8597
What are the prime factors of 3019498?
2, 1509749
List the prime factors of 12165713.
7, 1737959
What are the prime factors of 155736?
2, 3, 7, 103
List the prime factors of 3855560.
2, 5, 113, 853
List the prime factors of 157672.
2, 19709
List the prime factors of 17096410.
2, 5, 191, 8951
What are the prime factors of 68256?
2, 3, 79
What are the prime factors of 9431047?
2551, 3697
List the prime factors of 517703.
461, 1123
What are the prime factors of 315083?
315083
What are the prime factors of 15222230?
2, 5, 19, 113, 709
List the prime factors of 10536698.
2, 167, 31547
What are the prime factors of 4201768?
2, 525221
What are the prime factors of 7715506?
2, 1423, 2711
List the prime factors of 912375.
3, 5, 811
List the prime factors of 400539.
3, 19, 7027
What are the prime factors of 13330781?
41, 541, 601
What are the prime factors of 1432201?
19, 43, 1753
List the prime factors of 11777590.
2, 5, 11, 107069
List the prime factors of 716315.
5, 143263
List the prime factors of 3870198.
2, 3, 127, 1693
List the prime factors of 5299040.
2, 5, 33119
List the prime factors of 146027.
7, 23, 907
What are the prime factors of 183304?
2, 11, 2083
List the prime factors of 96007.
19, 31, 163
What are the prime factors of 927060?
2, 3, 5, 15451
What are the prime factors of 9692487?
3, 7, 51283
List the prime factors of 1053168.
2, 3, 37, 593
List the prime factors of 1119335.
5, 7, 31981
List the prime factors of 261875.
5, 419
What are the prime factors of 4025?
5, 7, 23
What are the prime factors of 697781?
7, 83, 1201
List the prime factors of 196757.
11, 31, 577
What are the prime factors of 420793?
19, 22147
List the prime factors of 5145456.
2, 3, 107197
What are the prime factors of 101925?
3, 5, 151
List the prime factors of 633588.
2, 3, 37, 1427
What are the prime factors of 24558705?
3, 5, 545749
What are the prime factors of 3812048?
2, 89, 2677
List the prime factors of 870445.
5, 107, 1627
What are the prime factors of 11255118?
2, 3, 7, 89, 3011
List the prime factors of 1362488.
2, 37, 4603
What are the prime factors of 27297837?
3, 7, 97, 1489
What are the prime factors of 555556?
2, 138889
What are the prime factors of 2289123?
3, 53, 4799
What are the prime factors of 6700901?
19, 127, 2777
What are the prime factors of 46104?
2, 3, 17, 113
What are the prime factors of 2803159?
83, 33773
What are the prime factors of 5012095?
5, 11, 91129
List the prime factors of 16123832.
2, 1163, 1733
What are the prime factors of 1954561?
7, 113, 353
List the prime factors of 141739.
13, 10903
List the prime factors of 170088.
2, 3, 19, 373
What are the prime factors of 550527?
3, 183509
What are the prime factors of 8721913?
8721913
What are the prime factors of 31015482?
2, 3, 5169247
List the prime factors of 693768.
2, 3, 137, 211
What are the prime factors of 795384?
2, 3, 11047
What are the prime factors of 393665?
5, 43, 1831
List the prime factors of 3471862.
2, 1735931
What are the prime factors of 3729621?
3, 7, 177601
List the prime factors of 208626.
2, 3, 11, 29, 109
What are the prime factors of 1565240?
2, 5, 109, 359
What are the prime factors of 2616244?
2, 89, 7349
List the prime factors of 963917.
17, 56701
List the prime factors of 14363645.
5, 2872729
What are the prime factors of 3396313?
3396313
List the prime factors of 5131962.
2, 3, 11, 25919
What are the prime factors of 614367?
3, 13, 59, 89
List the prime factors of 23957837.
43, 557159
What are the prime factors of 1942450?
2, 5, 53, 733
List the prime factors of 239269.
23, 101, 103
List the prime factors of 127100.
2, 5, 31, 41
List the prime factors of 1570102.
2, 43, 18257
What are the prime factors of 3558985?
5, 19, 37463
What are the prime factors of 349840?
2, 5, 4373
What are the prime factors of 15912266?
2, 241, 33013
What are the prime factors of 4339401?
3, 11, 131497
What are the prime factors of 7419509?
31, 137, 1747
List the prime factors of 150619.
7, 21517
List the prime factors of 19910.
2, 5, 11, 181
What are the prime factors of 432244?
2, 108061
List the prime factors of 432747.
3, 7, 6869
What are the prime factors of 8442186?
2, 3, 101, 139